{"id":782,"date":"2012-03-16T10:05:22","date_gmt":"2012-03-16T10:05:22","guid":{"rendered":"http:\/\/127.0.0.1\/wordpress\/?page_id=782"},"modified":"2021-02-03T13:45:12","modified_gmt":"2021-02-03T13:45:12","slug":"echanges-internationaux","status":"publish","type":"page","link":"http:\/\/www.gc.iut-amiens.fr\/?page_id=782","title":{"rendered":"Echanges Internationaux"},"content":{"rendered":"<p style=\"text-align: justify;\" align=\"left\">Les \u00e9tudiants peuvent b\u00e9n\u00e9ficier de la\u00a0conventions d\u2019\u00e9change ERASMUS avec\u00a0le Danemark.\u00a0Ils peuvent\u00a0suivre\u00a0deux semestres voire 4,\u00a0\u00e0 l&rsquo;University College VIA et peuvent, sous conditions,\u00a0b\u00e9n\u00e9ficier d\u2019une bourse d\u2019\u00e9tudes.<\/p>\n<p><a href=\"https:\/\/en.via.dk\/life-at-via\/campuses\/horsens\"><img loading=\"lazy\" decoding=\"async\" width=\"300\" height=\"103\" class=\"alignleft wp-image-787\" title=\"VIA_logo\" src=\"http:\/\/www.gc.iut-amiens.fr\/wp-content\/uploads\/2012\/03\/VIA_logo-300x103.png\" alt=\"\" srcset=\"http:\/\/www.gc.iut-amiens.fr\/wp-content\/uploads\/2012\/03\/VIA_logo-300x103.png 300w, http:\/\/www.gc.iut-amiens.fr\/wp-content\/uploads\/2012\/03\/VIA_logo-500x173.png 500w, http:\/\/www.gc.iut-amiens.fr\/wp-content\/uploads\/2012\/03\/VIA_logo.png 754w\" sizes=\"auto, (max-width: 300px) 100vw, 300px\" \/><\/a><\/p>\n","protected":false},"excerpt":{"rendered":"<p>Les \u00e9tudiants peuvent b\u00e9n\u00e9ficier de la\u00a0conventions d\u2019\u00e9change ERASMUS avec\u00a0le Danemark.\u00a0Ils peuvent\u00a0suivre\u00a0deux semestres voire 4,\u00a0\u00e0 l&rsquo;University College VIA et peuvent, sous conditions,\u00a0b\u00e9n\u00e9ficier d\u2019une bourse d\u2019\u00e9tudes.<\/p>\n","protected":false},"author":1,"featured_media":0,"parent":305,"menu_order":8,"comment_status":"closed","ping_status":"closed","template":"","meta":{"footnotes":""},"class_list":["post-782","page","type-page","status-publish","hentry"],"_links":{"self":[{"href":"http:\/\/www.gc.iut-amiens.fr\/index.php?rest_route=\/wp\/v2\/pages\/782","targetHints":{"allow":["GET"]}}],"collection":[{"href":"http:\/\/www.gc.iut-amiens.fr\/index.php?rest_route=\/wp\/v2\/pages"}],"about":[{"href":"http:\/\/www.gc.iut-amiens.fr\/index.php?rest_route=\/wp\/v2\/types\/page"}],"author":[{"embeddable":true,"href":"http:\/\/www.gc.iut-amiens.fr\/index.php?rest_route=\/wp\/v2\/users\/1"}],"replies":[{"embeddable":true,"href":"http:\/\/www.gc.iut-amiens.fr\/index.php?rest_route=%2Fwp%2Fv2%2Fcomments&post=782"}],"version-history":[{"count":20,"href":"http:\/\/www.gc.iut-amiens.fr\/index.php?rest_route=\/wp\/v2\/pages\/782\/revisions"}],"predecessor-version":[{"id":2270,"href":"http:\/\/www.gc.iut-amiens.fr\/index.php?rest_route=\/wp\/v2\/pages\/782\/revisions\/2270"}],"up":[{"embeddable":true,"href":"http:\/\/www.gc.iut-amiens.fr\/index.php?rest_route=\/wp\/v2\/pages\/305"}],"wp:attachment":[{"href":"http:\/\/www.gc.iut-amiens.fr\/index.php?rest_route=%2Fwp%2Fv2%2Fmedia&parent=782"}],"curies":[{"name":"wp","href":"https:\/\/api.w.org\/{rel}","templated":true}]}}

<p style="text-align: justify;" align="left">Les étudiants peuvent bénéficier de la conventions d’échange ERASMUS avec le Danemark. Ils peuvent suivre deux semestres voire 4, à l&rsquo;University College VIA et peuvent, sous conditions, bénéficier d’une bourse d’études.</p>
<p><a href="https://en.via.dk/life-at-via/campuses/horsens"><img loading="lazy" decoding="async" width="300" height="103" class="alignleft wp-image-787" title="VIA_logo" src="http://www.gc.iut-amiens.fr/wp-content/uploads/2012/03/VIA_logo-300x103.png" alt="" srcset="http://www.gc.iut-amiens.fr/wp-content/uploads/2012/03/VIA_logo-300x103.png 300w, http://www.gc.iut-amiens.fr/wp-content/uploads/2012/03/VIA_logo-500x173.png 500w, http://www.gc.iut-amiens.fr/wp-content/uploads/2012/03/VIA_logo.png 754w" sizes="auto, (max-width: 300px) 100vw, 300px" /></a></p>

<p>Les étudiants peuvent bénéficier de la conventions d’échange ERASMUS avec le Danemark. Ils peuvent suivre deux semestres voire 4, à l&rsquo;University College VIA et peuvent, sous conditions, bénéficier d’une bourse d’études.</p>
