{"id":64,"date":"2011-10-12T13:06:28","date_gmt":"2011-10-12T13:06:28","guid":{"rendered":"http:\/\/127.0.0.1\/wordpress\/?page_id=64"},"modified":"2012-06-11T15:34:26","modified_gmt":"2012-06-11T15:34:26","slug":"le-genie-civil","status":"publish","type":"page","link":"http:\/\/www.gc.iut-amiens.fr\/?page_id=64","title":{"rendered":"Le G\u00e9nie Civil"},"content":{"rendered":"<p style=\"text-align: justify;\"><img loading=\"lazy\" decoding=\"async\" width=\"300\" height=\"203\" class=\"alignleft  wp-image-165\" title=\"Pont_Normandie\" src=\"http:\/\/www.gc.iut-amiens.fr\/wp-content\/uploads\/2011\/10\/Pont_Normandie-300x203.jpg\" alt=\"\" srcset=\"http:\/\/www.gc.iut-amiens.fr\/wp-content\/uploads\/2011\/10\/Pont_Normandie-300x203.jpg 300w, http:\/\/www.gc.iut-amiens.fr\/wp-content\/uploads\/2011\/10\/Pont_Normandie-442x300.jpg 442w, http:\/\/www.gc.iut-amiens.fr\/wp-content\/uploads\/2011\/10\/Pont_Normandie.jpg 924w\" sizes=\"auto, (max-width: 300px) 100vw, 300px\" \/>Qui n\u2019a pas \u00e9t\u00e9 \u00e9merveill\u00e9 par les \u00e9difices grandioses r\u00e9alis\u00e9s par l\u2019homme depuis l\u2019antiquit\u00e9, impressionn\u00e9 par l\u2019ampleur des grands travaux d\u2019aujourd\u2019hui ou simplement attir\u00e9 par l\u2019activit\u00e9 besogneuse d\u2019un chantier dans son quartier.<\/p>\n<p style=\"text-align: justify;\">L\u2019aboutissement d\u2019une construction, si petite soit-elle, est avant tout le r\u00e9sultat d\u2019un travail d\u2019\u00e9quipe, de l\u2019architecte \u00e0 l\u2019ouvrier en passant par les bureaux d\u2019\u00e9tudes et de contr\u00f4les, les ing\u00e9nieurs et conducteurs de travaux, les compagnons, les chefs d\u2019\u00e9quipe et de chantier, les technico-commerciaux et fournisseurs qui alimentent le site en mat\u00e9riaux.<img loading=\"lazy\" decoding=\"async\" width=\"254\" height=\"300\" class=\"alignright  wp-image-162\" title=\"Arche\" src=\"http:\/\/www.gc.iut-amiens.fr\/wp-content\/uploads\/2011\/10\/Arche-254x300.jpg\" alt=\"\" srcset=\"http:\/\/www.gc.iut-amiens.fr\/wp-content\/uploads\/2011\/10\/Arche-254x300.jpg 254w, http:\/\/www.gc.iut-amiens.fr\/wp-content\/uploads\/2011\/10\/Arche.jpg 481w\" sizes=\"auto, (max-width: 254px) 100vw, 254px\" \/><\/p>\n<p style=\"text-align: justify;\">Le g\u00e9nie civil regroupe deux grandes branches d\u2019activit\u00e9 qui constituent l\u2019un des plus gros secteurs d\u2019emploi : le b\u00e2timent et les travaux publics.<\/p>\n<p style=\"text-align: justify;\">Le b\u00e2timent concerne la construction neuve mais aussi la r\u00e9novation d\u2019immeubles d\u2019habitation, de b\u00e2timents agricoles et industriels ainsi que leurs \u00e9quipements : chauffage, \u00e9clairage, ventilation, etc&#8230;<\/p>\n<p style=\"text-align: justify;\">L\u2019activit\u00e9 travaux publics pr\u00e9sente \u00e9galement une multitude de facettes : terrassement, chauss\u00e9e, assainissement, r\u00e9seaux divers, pavage, espaces verts, carri\u00e8res, ouvrages d\u2019art (pont, viaduc, tunnel, &#8230;), travaux souterrains, etc&#8230;<\/p>\n<p style=\"text-align: justify;\"><img loading=\"lazy\" decoding=\"async\" width=\"300\" height=\"225\" class=\"alignleft  wp-image-174\" title=\"Viaduc_Jules_Verne\" src=\"http:\/\/www.gc.iut-amiens.fr\/wp-content\/uploads\/2011\/10\/Viaduc_Jules_Verne-300x225.jpg\" alt=\"\" srcset=\"http:\/\/www.gc.iut-amiens.fr\/wp-content\/uploads\/2011\/10\/Viaduc_Jules_Verne-300x225.jpg 300w, http:\/\/www.gc.iut-amiens.fr\/wp-content\/uploads\/2011\/10\/Viaduc_Jules_Verne-400x300.jpg 400w, http:\/\/www.gc.iut-amiens.fr\/wp-content\/uploads\/2011\/10\/Viaduc_Jules_Verne.jpg 600w\" sizes=\"auto, (max-width: 300px) 100vw, 300px\" \/>Le g\u00e9nie civil est avant tout une affaire d\u2019hommes et de femmes. Pour faire carri\u00e8re dans le BTP, pr\u00e9parer un Dipl\u00f4me Universitaire de Technologie \u00e0 l\u2019 IUT\u00a0 G\u00e9nie Civil d\u2019Amiens ou en Licence Professionelle, c\u2019est fonder son avenir sur une assise solide.<\/p>\n<p style=\"text-align: justify;\">\n","protected":false},"excerpt":{"rendered":"<p>Qui n\u2019a pas \u00e9t\u00e9 \u00e9merveill\u00e9 par les \u00e9difices grandioses r\u00e9alis\u00e9s par l\u2019homme depuis l\u2019antiquit\u00e9, impressionn\u00e9 par l\u2019ampleur des grands travaux d\u2019aujourd\u2019hui ou simplement attir\u00e9 par l\u2019activit\u00e9 besogneuse d\u2019un chantier dans son quartier. L\u2019aboutissement d\u2019une construction, si petite soit-elle, est avant &hellip; <a href=\"http:\/\/www.gc.iut-amiens.fr\/?page_id=64\">Continuer la lecture <span class=\"meta-nav\">&rarr;<\/span><\/a><\/p>\n","protected":false},"author":1,"featured_media":0,"parent":1042,"menu_order":1,"comment_status":"closed","ping_status":"closed","template":"","meta":{"footnotes":""},"class_list":["post-64","page","type-page","status-publish","hentry"],"_links":{"self":[{"href":"http:\/\/www.gc.iut-amiens.fr\/index.php?rest_route=\/wp\/v2\/pages\/64","targetHints":{"allow":["GET"]}}],"collection":[{"href":"http:\/\/www.gc.iut-amiens.fr\/index.php?rest_route=\/wp\/v2\/pages"}],"about":[{"href":"http:\/\/www.gc.iut-amiens.fr\/index.php?rest_route=\/wp\/v2\/types\/page"}],"author":[{"embeddable":true,"href":"http:\/\/www.gc.iut-amiens.fr\/index.php?rest_route=\/wp\/v2\/users\/1"}],"replies":[{"embeddable":true,"href":"http:\/\/www.gc.iut-amiens.fr\/index.php?rest_route=%2Fwp%2Fv2%2Fcomments&post=64"}],"version-history":[{"count":30,"href":"http:\/\/www.gc.iut-amiens.fr\/index.php?rest_route=\/wp\/v2\/pages\/64\/revisions"}],"predecessor-version":[{"id":157,"href":"http:\/\/www.gc.iut-amiens.fr\/index.php?rest_route=\/wp\/v2\/pages\/64\/revisions\/157"}],"up":[{"embeddable":true,"href":"http:\/\/www.gc.iut-amiens.fr\/index.php?rest_route=\/wp\/v2\/pages\/1042"}],"wp:attachment":[{"href":"http:\/\/www.gc.iut-amiens.fr\/index.php?rest_route=%2Fwp%2Fv2%2Fmedia&parent=64"}],"curies":[{"name":"wp","href":"https:\/\/api.w.org\/{rel}","templated":true}]}}

Le Génie Civil

<p style="text-align: justify;"><img loading="lazy" decoding="async" width="300" height="203" class="alignleft  wp-image-165" title="Pont_Normandie" src="http://www.gc.iut-amiens.fr/wp-content/uploads/2011/10/Pont_Normandie-300x203.jpg" alt="" srcset="http://www.gc.iut-amiens.fr/wp-content/uploads/2011/10/Pont_Normandie-300x203.jpg 300w, http://www.gc.iut-amiens.fr/wp-content/uploads/2011/10/Pont_Normandie-442x300.jpg 442w, http://www.gc.iut-amiens.fr/wp-content/uploads/2011/10/Pont_Normandie.jpg 924w" sizes="auto, (max-width: 300px) 100vw, 300px" />Qui n’a pas été émerveillé par les édifices grandioses réalisés par l’homme depuis l’antiquité, impressionné par l’ampleur des grands travaux d’aujourd’hui ou simplement attiré par l’activité besogneuse d’un chantier dans son quartier.</p>
<p style="text-align: justify;">L’aboutissement d’une construction, si petite soit-elle, est avant tout le résultat d’un travail d’équipe, de l’architecte à l’ouvrier en passant par les bureaux d’études et de contrôles, les ingénieurs et conducteurs de travaux, les compagnons, les chefs d’équipe et de chantier, les technico-commerciaux et fournisseurs qui alimentent le site en matériaux.<img loading="lazy" decoding="async" width="254" height="300" class="alignright  wp-image-162" title="Arche" src="http://www.gc.iut-amiens.fr/wp-content/uploads/2011/10/Arche-254x300.jpg" alt="" srcset="http://www.gc.iut-amiens.fr/wp-content/uploads/2011/10/Arche-254x300.jpg 254w, http://www.gc.iut-amiens.fr/wp-content/uploads/2011/10/Arche.jpg 481w" sizes="auto, (max-width: 254px) 100vw, 254px" /></p>
<p style="text-align: justify;">Le génie civil regroupe deux grandes branches d’activité qui constituent l’un des plus gros secteurs d’emploi : le bâtiment et les travaux publics.</p>
<p style="text-align: justify;">Le bâtiment concerne la construction neuve mais aussi la rénovation d’immeubles d’habitation, de bâtiments agricoles et industriels ainsi que leurs équipements : chauffage, éclairage, ventilation, etc&#8230;</p>
<p style="text-align: justify;">L’activité travaux publics présente également une multitude de facettes : terrassement, chaussée, assainissement, réseaux divers, pavage, espaces verts, carrières, ouvrages d’art (pont, viaduc, tunnel, &#8230;), travaux souterrains, etc&#8230;</p>
<p style="text-align: justify;"><img loading="lazy" decoding="async" width="300" height="225" class="alignleft  wp-image-174" title="Viaduc_Jules_Verne" src="http://www.gc.iut-amiens.fr/wp-content/uploads/2011/10/Viaduc_Jules_Verne-300x225.jpg" alt="" srcset="http://www.gc.iut-amiens.fr/wp-content/uploads/2011/10/Viaduc_Jules_Verne-300x225.jpg 300w, http://www.gc.iut-amiens.fr/wp-content/uploads/2011/10/Viaduc_Jules_Verne-400x300.jpg 400w, http://www.gc.iut-amiens.fr/wp-content/uploads/2011/10/Viaduc_Jules_Verne.jpg 600w" sizes="auto, (max-width: 300px) 100vw, 300px" />Le génie civil est avant tout une affaire d’hommes et de femmes. Pour faire carrière dans le BTP, préparer un Diplôme Universitaire de Technologie à l’ IUT  Génie Civil d’Amiens ou en Licence Professionelle, c’est fonder son avenir sur une assise solide.</p>
<p style="text-align: justify;">

<p>Qui n’a pas été émerveillé par les édifices grandioses réalisés par l’homme depuis l’antiquité, impressionné par l’ampleur des grands travaux d’aujourd’hui ou simplement attiré par l’activité besogneuse d’un chantier dans son quartier. L’aboutissement d’une construction, si petite soit-elle, est avant &hellip; <a href="http://www.gc.iut-amiens.fr/?page_id=64">Continuer la lecture <span class="meta-nav">&rarr;</span></a></p>
