{"id":2095,"date":"2021-01-11T13:29:05","date_gmt":"2021-01-11T13:29:05","guid":{"rendered":"http:\/\/www.gc.iut-amiens.fr\/?page_id=2095"},"modified":"2021-02-04T11:21:46","modified_gmt":"2021-02-04T11:21:46","slug":"jpo-interviews-detudiants","status":"publish","type":"page","link":"http:\/\/www.gc.iut-amiens.fr\/?page_id=2095","title":{"rendered":"Interviews d\u2019\u00e9tudiants"},"content":{"rendered":"<h1><strong><em>Lison GENGEMBRE (Seconde ann\u00e9e)<\/em><\/strong><br \/>\n<iframe loading=\"lazy\" src=\"https:\/\/www.youtube.com\/embed\/szWV3KMQZIE\" width=\"560\" height=\"315\" frameborder=\"0\" allowfullscreen=\"allowfullscreen\"><\/iframe><\/h1>\n<p><em><strong>Benoit LOURDELLE (Seconde ann\u00e9e)<\/strong><\/em><br \/>\n<iframe loading=\"lazy\" src=\"https:\/\/www.youtube.com\/embed\/IF_eyLrs3BA\" width=\"560\" height=\"315\" frameborder=\"0\" allowfullscreen=\"allowfullscreen\"><\/iframe><\/p>\n<p><em><strong>Pierre PROD\u2019HOMME (Seconde ann\u00e9e Alternant)<\/strong><\/em><br \/>\n<iframe loading=\"lazy\" src=\"https:\/\/www.youtube.com\/embed\/iia2AfIDCaQ\" width=\"560\" height=\"315\" frameborder=\"0\" allowfullscreen=\"allowfullscreen\"><\/iframe><\/p>\n<p><em><strong>Katia MALDUE (Seconde ann\u00e9e Alternant)<\/strong><\/em><\/p>\n<p><em><strong>Thomas COMMENCHAL et Thomas LECLERCQ (Seconde ann\u00e9e Alternant)<\/strong><\/em><br \/>\n<iframe loading=\"lazy\" src=\"https:\/\/www.youtube.com\/embed\/fWkiLwHTopQ\" width=\"560\" height=\"315\" frameborder=\"0\" allowfullscreen=\"allowfullscreen\"><\/iframe><\/p>\n<p>&nbsp;<\/p>\n","protected":false},"excerpt":{"rendered":"<p>Lison GENGEMBRE (Seconde ann\u00e9e) Benoit LOURDELLE (Seconde ann\u00e9e) Pierre PROD\u2019HOMME (Seconde ann\u00e9e Alternant) Katia MALDUE (Seconde ann\u00e9e Alternant) Thomas COMMENCHAL et Thomas LECLERCQ (Seconde ann\u00e9e Alternant) &nbsp;<\/p>\n","protected":false},"author":1,"featured_media":0,"parent":2074,"menu_order":3,"comment_status":"closed","ping_status":"closed","template":"","meta":{"footnotes":""},"class_list":["post-2095","page","type-page","status-publish","hentry"],"_links":{"self":[{"href":"http:\/\/www.gc.iut-amiens.fr\/index.php?rest_route=\/wp\/v2\/pages\/2095","targetHints":{"allow":["GET"]}}],"collection":[{"href":"http:\/\/www.gc.iut-amiens.fr\/index.php?rest_route=\/wp\/v2\/pages"}],"about":[{"href":"http:\/\/www.gc.iut-amiens.fr\/index.php?rest_route=\/wp\/v2\/types\/page"}],"author":[{"embeddable":true,"href":"http:\/\/www.gc.iut-amiens.fr\/index.php?rest_route=\/wp\/v2\/users\/1"}],"replies":[{"embeddable":true,"href":"http:\/\/www.gc.iut-amiens.fr\/index.php?rest_route=%2Fwp%2Fv2%2Fcomments&post=2095"}],"version-history":[{"count":14,"href":"http:\/\/www.gc.iut-amiens.fr\/index.php?rest_route=\/wp\/v2\/pages\/2095\/revisions"}],"predecessor-version":[{"id":2158,"href":"http:\/\/www.gc.iut-amiens.fr\/index.php?rest_route=\/wp\/v2\/pages\/2095\/revisions\/2158"}],"up":[{"embeddable":true,"href":"http:\/\/www.gc.iut-amiens.fr\/index.php?rest_route=\/wp\/v2\/pages\/2074"}],"wp:attachment":[{"href":"http:\/\/www.gc.iut-amiens.fr\/index.php?rest_route=%2Fwp%2Fv2%2Fmedia&parent=2095"}],"curies":[{"name":"wp","href":"https:\/\/api.w.org\/{rel}","templated":true}]}}

Interviews d’étudiants

<h1><strong><em>Lison GENGEMBRE (Seconde année)</em></strong><br />
<iframe loading="lazy" src="https://www.youtube.com/embed/szWV3KMQZIE" width="560" height="315" frameborder="0" allowfullscreen="allowfullscreen"></iframe></h1>
<p><em><strong>Benoit LOURDELLE (Seconde année)</strong></em><br />
<iframe loading="lazy" src="https://www.youtube.com/embed/IF_eyLrs3BA" width="560" height="315" frameborder="0" allowfullscreen="allowfullscreen"></iframe></p>
<p><em><strong>Pierre PROD’HOMME (Seconde année Alternant)</strong></em><br />
<iframe loading="lazy" src="https://www.youtube.com/embed/iia2AfIDCaQ" width="560" height="315" frameborder="0" allowfullscreen="allowfullscreen"></iframe></p>
<p><em><strong>Katia MALDUE (Seconde année Alternant)</strong></em></p>
<p><em><strong>Thomas COMMENCHAL et Thomas LECLERCQ (Seconde année Alternant)</strong></em><br />
<iframe loading="lazy" src="https://www.youtube.com/embed/fWkiLwHTopQ" width="560" height="315" frameborder="0" allowfullscreen="allowfullscreen"></iframe></p>
<p>&nbsp;</p>

<p>Lison GENGEMBRE (Seconde année) Benoit LOURDELLE (Seconde année) Pierre PROD’HOMME (Seconde année Alternant) Katia MALDUE (Seconde année Alternant) Thomas COMMENCHAL et Thomas LECLERCQ (Seconde année Alternant) &nbsp;</p>
